{"id":5020,"date":"2025-06-26T12:49:50","date_gmt":"2024-07-16T19:39:07","guid":{"rendered":"https:\/\/aquaforte.mx\/?page_id=5020"},"modified":"2025-06-26T12:49:50","modified_gmt":"2025-06-26T17:49:50","slug":"sucursales","status":"publish","type":"page","link":"https:\/\/aquaforte.mx\/sandbox\/sucursales\/","title":{"rendered":"Sucursales"},"content":{"rendered":"\t\t<div data-elementor-type=\"wp-page\" data-elementor-id=\"5020\" class=\"elementor elementor-5020\" data-elementor-post-type=\"page\">\n\t\t\t\t<div class=\"elementor-element elementor-element-2c876dc e-con-full e-flex e-con e-parent\" data-id=\"2c876dc\" data-element_type=\"container\">\n\t\t\t\t<div class=\"elementor-element elementor-element-f5217d1 elementor-widget elementor-widget-html\" data-id=\"f5217d1\" data-element_type=\"widget\" data-widget_type=\"html.default\">\n\t\t\t\t<div class=\"elementor-widget-container\">\n\t\t\t\t\t<div id=\"busqueda\" class=\"map-container\">\r\n\t<div class=\"map-sidebar\">\r\n\t\t<div style=\"background: #000000; padding: 10px; color: #FFF; line-height: 1;\">\r\n\t\t\t<img decoding=\"async\" src=\"https:\/\/aquaforte.mx\/wp-content\/uploads\/2024\/03\/ligi_Mesa-de-trabajo-1-copia-1-1.png\" alt=\"\" class=\"banner-sucursales\" style=\"width: 160px; display: inline-block; margin-top: 2px;\" \/>\r\n\r\n\t\t\t<span style=\"font-size: 14px;position: absolute;top: 24px;right: 15px;line-height: 1;\">TIENDAS<\/span>\r\n\t\t<\/div>\r\n\t\t<div class=\"form-sucursales\">\r\n\t\t\t<div class=\"content-input\" style=\"display: none;\">\r\n\t\t\t\t<input type=\"text\" class=\"input\" id=\"query_search\" \/>\r\n\t\t\t\t<button id=\"filter-text\">\r\n\t\t\t\t\t<i class=\"fas fa-search\" aria-hidden=\"true\"> <\/i>\r\n\t\t\t\t<\/button>\r\n\t\t\t<\/div>\r\n\t\t\t<ul class=\"inline-tabs\" style=\"display: none;\">\r\n\t\t\t\t<li>\r\n\t\t\t\t\t<label class=\"active\">\r\n\t\t\t\t\t\t<input type=\"checkbox\" id=\"type_sucursal\" value=\"sucursal\" checked=\"checked\" \/>\r\n\t\t\t\t\t\tSucursales\r\n\t\t\t\t\t<\/label>\r\n\t\t\t\t<\/li>\r\n\t\t\t<\/ul>\r\n\t\t\t<ul class=\"inline-inputs\">\r\n\t\t\t\t<li style=\"display: none;\">\r\n\t\t\t\t\t<strong>Zona:<\/strong>\r\n\t\t\t\t\t<select id=\"zone\">\r\n\t\t\t\t\t\t<option value=\"all\">Todas las zonas<\/option>\r\n\t\t\t\t\t\t<option value=\"mx\" selected>M\u00e9xico<\/option>\r\n\t\t\t\t\t\t<option value=\"usa\">USA<\/option>\r\n\t\t\t\t\t\t<option value=\"centro\">Centroamerica<\/option>\r\n\t\t\t\t\t<\/select>\r\n\t\t\t\t<\/li>\r\n\t\t\t\t<li>\r\n\t\t\t\t\t<strong>Ciudad:<\/strong>\r\n\t\t\t\t\t<select id=\"code_region\">\r\n\t\t\t\t\t\t<option value=\"all\" data-lat=\"25.6612384\" data-lon=\"-100.2962106\">Todas<\/option>\r\n\t\t\t\t\t\t<option value=\"10\" data-lat=\"25.76998\" data-lon=\"-100.17884\">Apodaca<\/option>\r\n\t\t\t\t\t\t<option value=\"2\" data-lat=\"25.8096533\" data-lon=\"-100.4235401\">Escobedo<\/option>\r\n\t\t\t\t\t\t<option value=\"8\" data-lat=\"25.7947031\" data-lon=\"-100.5837577\">Garc\u00eda<\/option>\r\n\t\t\t\t\t\t<option value=\"3\" data-lat=\"25.7082524\" data-lon=\"-100.2126402\">Guadalupe<\/option>\r\n\t\t\t\t\t\t<option value=\"4\" data-lat=\"25.6528951\" data-lon=\"-100.1111656\">Ju\u00e1rez<\/option>\r\n\t\t\t\t\t\t<option value=\"9\" data-lat=\"24.8584425\" data-lon=\"-99.5806706\">Linares<\/option>\r\n\t\t\t\t\t\t<option value=\"1\" data-lat=\"25.6612384\" data-lon=\"-100.2962106\">Monterrey<\/option>\r\n\t\t\t\t\t\t<option value=\"7\" data-lat=\"25.447107867245617\" data-lon=\"-100.974687765209\">Saltillo<\/option>\r\n\t\t\t\t\t\t<option value=\"5\" data-lat=\"25.54988\" data-lon=\"-100.96717\">San Nicol\u00e1s de los Garza<\/option>\r\n\t\t\t\t\t\t<option value=\"6\" data-lat=\"25.673971\" data-lon=\"-100.4320701\">Santa Catarina<\/option>\r\n\t\t\t\t\t\t<option value=\"12\" data-lat=\"25.5516867\" data-lon=\"-103.3748549\">Torre\u00f3n<\/option>\r\n\t\t\t\t\t<\/select>\r\n\t\t\t\t<\/li>\r\n\t\t\t<\/ul>\r\n\t\t<\/div>\r\n\t\t<div class=\"sucursal-listing\">\r\n\t\t\t<ul>\r\n\t\t\t\t<li>\r\n\t\t\t\t\t<span data-id=\"1\" class=\"btn-abrir-sucursal marker-active\" data-lat=\"25.65121\" data-lon=\"-100.10912\" data-type=\"sucursal\" data-icon=\"https:\/\/aquaforte.mx\/wp-content\/uploads\/2024\/03\/aquaforte-gota.png\" data-zone=\"mx\" data-code_region=\"4\">\r\n\t\t\t\t\t\t<strong>\r\n\t\t\t\t\t\t\tPLANTA AQUA FORTE\r\n\t\t\t\t\t\t<\/strong><br \/>\r\n\t\t\t\t\t\tGonzalitos 418, 20 de Septiembre, 67260 Ju\u00e1rez, N.L., M\u00e9xico<br \/>\r\n\t\t\t\t\t\tLUNES A VIERNES 9:00 AM A 6:00 PM<br \/>\r\n\t\t\t\t\t\tSABADO 9:00 AM A 5:00 PM<br \/>\r\n\t\t\t\t\t\tDOMINGO 9:00 AM A 4:00 PM<br \/>\r\n\t\t\t\t\t\t81 3541 4984\r\n\t\t\t\t\t<\/span>\r\n\t\t\t\t<\/li>\r\n\t\t\t\t<li>\r\n\t\t\t\t\t<span data-id=\"2\" class=\"btn-abrir-sucursal marker-active\" data-lat=\"25.6612384\" data-lon=\"-100.2962106\" data-type=\"sucursal\" data-icon=\"https:\/\/aquaforte.mx\/wp-content\/uploads\/2024\/03\/aquaforte-gota.png\" data-zone=\"mx\" data-code_region=\"1\">\r\n\t\t\t\t\t\t<strong>\r\n\t\t\t\t\t\t\tSUCURSAL GARZA SADA\r\n\t\t\t\t\t\t<\/strong><br \/>\r\n\t\t\t\t\t\tAv. Eugenio Garza Sada 699, La Florida, 64810 Monterrey, N.L.<br \/>\r\n\t\t\t\t\t\tLUNES A VIERNES 9:00 AM A 6:00 PM<br \/>\r\n\t\t\t\t\t\tSABADO 9:00 AM A 5:00 PM<br \/>\r\n\t\t\t\t\t\tDOMINGO 9:00 AM A 4:00 PM<br \/>\r\n\t\t\t\t\t\t81 1961 2901\r\n\t\t\t\t\t<\/span>\r\n\t\t\t\t<\/li>\r\n\t\t\t\t<li>\r\n\t\t\t\t\t<span data-id=\"4\" class=\"btn-abrir-sucursal marker-active\" data-lat=\"25.7947031\" data-lon=\"-100.5837577\" data-type=\"sucursal\" data-icon=\"https:\/\/aquaforte.mx\/wp-content\/uploads\/2024\/03\/aquaforte-gota.png\" data-zone=\"mx\" data-code_region=\"8\">\r\n\t\t\t\t\t\t<strong>\r\n\t\t\t\t\t\t\tSUCURSAL PLAZA GARCIA\r\n\t\t\t\t\t\t<\/strong><br \/>\r\n\t\t\t\t\t\tHeberto Castillo Mart\u00ednez 1360, Mirador de Garc\u00eda, 66003 Monterrey, N.L.<br \/>\r\n\t\t\t\t\t\tLUNES A VIERNES 9:00 AM A 6:00 PM<br \/>\r\n\t\t\t\t\t\tSABADO 9:00 AM A 5:00 PM<br \/>\r\n\t\t\t\t\t\tDOMINGO 9:00 AM A 4:00 PM<br \/> \r\n\t\t\t\t\t\t81 2073 2768\r\n\t\t\t\t\t<\/span>\r\n\t\t\t\t<\/li>\r\n\t\t\t\t<li>\r\n\t\t\t\t\t<span data-id=\"5\" class=\"btn-abrir-sucursal marker-active\" data-lat=\"24.8584425\" data-lon=\"-99.5806706\" data-type=\"sucursal\" data-icon=\"https:\/\/aquaforte.mx\/wp-content\/uploads\/2024\/03\/aquaforte-gota.png\" data-zone=\"mx\" data-code_region=\"9\">\r\n\t\t\t\t\t\t<strong>\r\n\t\t\t\t\t\t\tSUCURSAL LINARES\r\n\t\t\t\t\t\t<\/strong><br \/>\r\n\t\t\t\t\t\tSalvador D\u00edaz Mir\u00f3n 557, San Francisco, 67768 Linares, N.L., M\u00e9xico<br \/>\r\n\t\t\t\t\t\tLUNES A VIERNES 9:00 AM A 6:00 PM<br \/>\r\n\t\t\t\t\t\tSABADO 9:00 AM A 5:00 PM<br \/>\r\n\t\t\t\t\t\tDOMINGO 9:00 AM A 4:00 PM<br \/>\r\n\t\t\t\t\t\t82 1211 4013\r\n\t\t\t\t\t<\/span>\r\n\t\t\t\t<\/li>\r\n\t\t\t\t<li>\r\n\t\t\t\t\t<span data-id=\"6\" class=\"btn-abrir-sucursal marker-active\" data-lat=\"25.425312425291136\" data-lon=\"-100.99998590855189\" data-type=\"sucursal\" data-icon=\"https:\/\/aquaforte.mx\/wp-content\/uploads\/2024\/03\/aquaforte-gota.png\" data-zone=\"mx\" data-code_region=\"7\">\r\n\t\t\t\t\t\t<strong>\r\n\t\t\t\t\t\t\tPR\u00c9STAMO EXPRESS SALTILLO\r\n\t\t\t\t\t\t<\/strong><br \/>\r\n\t\t\t\t\t\tCalle Ignacio Allende #438 SUR, CENTRO HISTORICO, 25000 Saltillo, Coah.<br \/>\r\n\t\t\t\t\t\tLUNES A S\u00c1BADO 9:00 AM A 7:00 PM<br \/>\r\n\t\t\t\t\t\tDOMINGO 9:00 AM A 4:00 PM<br \/>\r\n\t\t\t\t\t\t844 139 3978\r\n\t\t\t\t\t<\/span>\r\n\t\t\t\t<\/li>\r\n\t\t\t\t<li>\r\n\t\t\t\t\t<span data-id=\"7\" class=\"btn-abrir-sucursal marker-active\" data-lat=\"25.3942102\" data-lon=\"-100.9892924\" data-type=\"sucursal\" data-icon=\"https:\/\/aquaforte.mx\/wp-content\/uploads\/2024\/03\/aquaforte-gota.png\" data-zone=\"mx\" data-code_region=\"7\">\r\n\t\t\t\t\t\t<strong>\r\n\t\t\t\t\t\t\tAQUAFORTE SALTILLO\r\n\t\t\t\t\t\t<\/strong><br \/>\r\n\t\t\t\t\t\tCalle 2, 2908 B, Col. Miguel Hidalgo, Saltillo, Coahuila CP 25096.<br \/>\r\n\t\t\t\t\t\tLUNES A S\u00c1BADO 9:00 AM A 6:00 PM<br \/>\r\n\t\t\t\t\t\tDOMINGO 9:00 AM A 2:00 PM<br \/>\r\n\t\t\t\t\t\t844 103 8182\r\n\t\t\t\t\t<\/span>\r\n\t\t\t\t<\/li>\r\n\t\t\t\t<li>\r\n\t\t\t\t\t<span data-id=\"16\" class=\"btn-abrir-sucursal marker-active\" data-lat=\"25.73183\" data-lon=\"-100.34621\" data-type=\"sucursal\" data-icon=\"https:\/\/aquaforte.mx\/wp-content\/uploads\/2024\/07\/pin-gota-roja-e1721155498634.png\" data-zone=\"mx\" data-code_region=\"1\">\r\n\t\t\t\t\t\t<strong>\r\n\t\t\t\t\t\t\tPLASTIKASA <BR>\r\n\t\t\t\t\t\t\tSUCURSAL AZTL\u00c1N\r\n\t\t\t\t\t\t<\/strong><br \/>\r\n\t\t\t\t\t\tAv. Solidaridad #6265, Nueva Galicia, C.P. 64259, Monterrey, N.L.<br \/>\r\n\t\t\t\t\t\tLUNES A VIERNES 9:00 AM A 6:00 PM<br \/>\r\n\t\t\t\t\t\tSABADO 9:00 AM A 5:00 PM<br \/>\r\n\t\t\t\t\t\tDOMINGO 9:00 AM A 4:00 PM<br \/>\r\n\t\t\t\t\t<\/span>\r\n\t\t\t\t<\/li>\r\n\t\t\t\t<li>\r\n\t\t\t\t\t<span data-id=\"17\" class=\"btn-abrir-sucursal marker-active\" data-lat=\"25.74336\" data-lon=\"-100.14421\" data-type=\"sucursal\" data-icon=\"https:\/\/aquaforte.mx\/wp-content\/uploads\/2024\/07\/pin-gota-roja-e1721155498634.png\" data-zone=\"mx\" data-code_region=\"10\">\r\n\t\t\t\t\t\t<strong>\r\n\t\t\t\t\t\t\tPLASTIKASA <BR>\r\n\t\t\t\t\t\t\tSUCURSAL HUINAL\u00c1\r\n\t\t\t\t\t\t<\/strong><br \/>\r\n\t\t\t\t\t\tCam. A San Javier #703, Real Hacienda de Huinala, C.P. 66640 Cdad. Apodaca, N.L.<br \/>\r\n\t\t\t\t\t\tLUNES A VIERNES 9:00 AM A 6:00 PM<br \/>\r\n\t\t\t\t\t\tSABADO 9:00 AM A 5:00 PM<br \/>\r\n\t\t\t\t\t\tDOMINGO 9:00 AM A 4:00 PM<br \/>\r\n\t\t\t\t\t<\/span>\r\n\t\t\t\t<\/li>\r\n\t\t\t\t<li>\r\n\t\t\t\t\t<span data-id=\"19\" class=\"btn-abrir-sucursal marker-active\" data-lat=\"25.7082524\" data-lon=\"-100.2126402\" data-type=\"sucursal\" data-icon=\"https:\/\/aquaforte.mx\/wp-content\/uploads\/2024\/03\/aquaforte-gota.png\" data-zone=\"mx\" data-code_region=\"3\">\r\n\t\t\t\t\t\t<strong>\r\n\t\t\t\t\t\t\tPLASTIKASA <BR>\r\n\t\t\t\t\t\t\tSUCURSAL SAN MIGUEL 1\r\n\t\t\t\t\t\t<\/strong><br \/>\r\n\t\t\t\t\t\tAv. Pilastra #644 Esq. con Del Altillo, Av. del Torre\u00f3n, Villa de San Miguel, 67110 Guadalupe, N.L.<br \/>\r\n\t\t\t\t\t\tLUNES A VIERNES 9:00 AM A 6:00 PM<br \/>\r\n\t\t\t\t\t\tSABADO 9:00 AM A 5:00 PM<br \/>\r\n\t\t\t\t\t\tDOMINGO 9:00 AM A 4:00 PM<br \/>\r\n\t\t\t\t\t<\/span>\r\n\t\t\t\t<\/li>\r\n\t\t\t\t<li>\r\n\t\t\t\t\t<span data-id=\"20\" class=\"btn-abrir-sucursal marker-active\" data-lat=\"25.7229114\" data-lon=\"-100.2002732\" data-type=\"sucursal\" data-icon=\"https:\/\/aquaforte.mx\/wp-content\/uploads\/2024\/03\/aquaforte-gota.png\" data-zone=\"mx\" data-code_region=\"3\">\r\n\t\t\t\t\t\t<strong>\r\n\t\t\t\t\t\t\tPLASTIKASA <BR>\r\n\t\t\t\t\t\t\tSUCURSAL RADIO\r\n\t\t\t\t\t\t<\/strong><br \/>\r\n\t\t\t\t\t\tBlvd. Acapulco & Calle Radio, Los Cristales 1er Sector, 67117 Guadalupe, N.L.<br \/>\r\n\t\t\t\t\t\tLUNES A VIERNES 9:00 AM A 6:00 PM<br \/>\r\n\t\t\t\t\t\tSABADO 9:00 AM A 5:00 PM<br \/>\r\n\t\t\t\t\t\tDOMINGO 9:00 AM A 4:00 PM<br \/>\r\n\t\t\t\t\t\t81 1992 9424\r\n\t\t\t\t\t<\/span>\r\n\t\t\t\t<\/li>\r\n\t\t\t\t<li>\r\n\t\t\t\t\t<span data-id=\"21\" class=\"btn-abrir-sucursal marker-active\" data-lat=\"25.78889\" data-lon=\"-100.57583\" data-type=\"sucursal\" data-icon=\"https:\/\/aquaforte.mx\/wp-content\/uploads\/2024\/03\/aquaforte-gota.png\" data-zone=\"mx\" data-code_region=\"8\">\r\n\t\t\t\t\t\t<strong>\r\n\t\t\t\t\t\t\tPLASTIPLAS <BR>\r\n\t\t\t\t\t\t\tSUCURSAL GARC\u00cdA\r\n\t\t\t\t\t\t<\/strong><br \/>\r\n\t\t\t\t\t\tVilla Murcia #453, Privadas de las Villas, C.P. 66003, Garc\u00eda, N.L.<br \/>\r\n\t\t\t\t\t\tLUNES A VIERNES 9:00 AM A 6:00 PM<br \/>\r\n\t\t\t\t\t\tSABADO 9:00 AM A 5:00 PM<br \/>\r\n\t\t\t\t\t\tDOMINGO 9:00 AM A 4:00 PM<br \/>\r\n\t\t\t\t\t\t81 1992 9424\r\n\t\t\t\t\t<\/span>\r\n\t\t\t\t<\/li>\r\n\t\t\t\t<li>\r\n\t\t\t\t\t<span data-id=\"22\" class=\"btn-abrir-sucursal marker-active\" data-lat=\"25.75510\" data-lon=\"-100.29600\" data-type=\"sucursal\" data-icon=\"https:\/\/aquaforte.mx\/wp-content\/uploads\/2024\/03\/aquaforte-gota.png\" data-zone=\"mx\" data-code_region=\"5\">\r\n\t\t\t\t\t\t<strong>\r\n\t\t\t\t\t\t\tPLASTIPLAS <BR>\r\n\t\t\t\t\t\t\tSUCURSAL SAN NICOL\u00c1S\r\n\t\t\t\t\t\t<\/strong><br \/>\r\n\t\t\t\t\t\tGeneral Nicolas Bravo #510, Centro, C.P. 66400, San Nicol\u00e1s de los Garza, N.L.<br \/>\r\n\t\t\t\t\t\tLUNES A VIERNES 9:00 AM A 6:00 PM<br \/>\r\n\t\t\t\t\t\tSABADO 9:00 AM A 5:00 PM<br \/>\r\n\t\t\t\t\t\tDOMINGO 9:00 AM A 4:00 PM<br \/>\r\n\t\t\t\t\t\t81 1992 9424\r\n\t\t\t\t\t<\/span>\r\n\t\t\t\t<\/li>\r\n\t\t\t\t<li>\r\n\t\t\t\t\t<span data-id=\"23\" class=\"btn-abrir-sucursal marker-active\" data-lat=\"25.5516867\" data-lon=\"-103.3748549\" data-type=\"sucursal\" data-icon=\"https:\/\/aquaforte.mx\/wp-content\/uploads\/2024\/03\/aquaforte-gota.png\" data-zone=\"mx\" data-code_region=\"12\">\r\n\t\t\t\t\t\t<strong>\r\n\t\t\t\t\t\t\tAQUAFORTE TORRE\u00d3N\r\n\t\t\t\t\t\t<\/strong><br \/>\r\n\t\t\t\t\t\tPerif\u00e9rico Ra\u00fal L\u00f3pez S\u00e1nchez 47-D, Valle Verde, 27058 Torre\u00f3n, Coah.<br \/>\r\n\t\t\t\t\t\tLUNES A VIERNES 9:00 AM A 6:00 PM<br \/>\r\n\t\t\t\t\t\tS\u00c1BADO 9:00 AM A 2:00 PM<br \/>\r\n\t\t\t\t\t\tDOMINGO (cerrado)<br \/>\r\n\t\t\t\t\t\t871 220 3811\r\n\t\t\t\t\t<\/span>\r\n\t\t\t\t<\/li>\r\n\t\t\t<\/ul>\r\n\t\t<\/div>\r\n\t<\/div>\r\n\t<div class=\"map-content\">\r\n\t\t<div id=\"map\" class=\"d_map\"><\/div>\r\n\t<\/div>\r\n<\/div>\t\t\t\t<\/div>\n\t\t\t\t<\/div>\n\t\t\t\t<\/div>\n\t\t\t\t<\/div>\n\t\t","protected":false},"excerpt":{"rendered":"<p>TIENDAS Sucursales Zona: Todas las zonasM\u00e9xicoUSACentroamerica Ciudad: TodasApodacaEscobedoGarc\u00edaGuadalupeJu\u00e1rezLinaresMonterreySaltilloSan Nicol\u00e1s de los GarzaSanta CatarinaTorre\u00f3n PLANTA AQUA FORTE Gonzalitos 418, 20 de Septiembre, 67260 Ju\u00e1rez, N.L., M\u00e9xico LUNES A VIERNES 9:00 AM A 6:00 PM SABADO 9:00 AM A 5:00 PM DOMINGO 9:00 AM A 4:00 PM 81 3541 4984 SUCURSAL GARZA SADA Av. Eugenio Garza Sada [&hellip;]<\/p>\n","protected":false},"author":3,"featured_media":0,"parent":0,"menu_order":0,"comment_status":"closed","ping_status":"closed","template":"","meta":{"footnotes":""},"class_list":["post-5020","page","type-page","status-publish","hentry"],"_links":{"self":[{"href":"https:\/\/aquaforte.mx\/sandbox\/wp-json\/wp\/v2\/pages\/5020","targetHints":{"allow":["GET"]}}],"collection":[{"href":"https:\/\/aquaforte.mx\/sandbox\/wp-json\/wp\/v2\/pages"}],"about":[{"href":"https:\/\/aquaforte.mx\/sandbox\/wp-json\/wp\/v2\/types\/page"}],"author":[{"embeddable":true,"href":"https:\/\/aquaforte.mx\/sandbox\/wp-json\/wp\/v2\/users\/3"}],"replies":[{"embeddable":true,"href":"https:\/\/aquaforte.mx\/sandbox\/wp-json\/wp\/v2\/comments?post=5020"}],"version-history":[{"count":64,"href":"https:\/\/aquaforte.mx\/sandbox\/wp-json\/wp\/v2\/pages\/5020\/revisions"}],"predecessor-version":[{"id":7037,"href":"https:\/\/aquaforte.mx\/sandbox\/wp-json\/wp\/v2\/pages\/5020\/revisions\/7037"}],"wp:attachment":[{"href":"https:\/\/aquaforte.mx\/sandbox\/wp-json\/wp\/v2\/media?parent=5020"}],"curies":[{"name":"wp","href":"https:\/\/api.w.org\/{rel}","templated":true}]}}